{"id":140,"date":"2024-06-13T08:37:52","date_gmt":"2024-06-13T08:37:52","guid":{"rendered":"https:\/\/www.parturikampaamoarella.fi\/?page_id=140"},"modified":"2025-09-01T13:40:12","modified_gmt":"2025-09-01T13:40:12","slug":"ajanvaraus","status":"publish","type":"page","link":"https:\/\/www.parturikampaamoarella.fi\/index.php\/ajanvaraus\/","title":{"rendered":"Ajanvaraus"},"content":{"rendered":"\t\t<div data-elementor-type=\"wp-page\" data-elementor-id=\"140\" class=\"elementor elementor-140\">\n\t\t\t\t<div class=\"elementor-element elementor-element-8e85188 e-con-full e-flex e-con e-parent\" data-id=\"8e85188\" data-element_type=\"container\" data-e-type=\"container\">\n\t\t\t\t<div class=\"elementor-element elementor-element-317e210 elementor-widget elementor-widget-text-editor\" data-id=\"317e210\" data-element_type=\"widget\" data-e-type=\"widget\" data-widget_type=\"text-editor.default\">\n\t\t\t\t<div class=\"elementor-widget-container\">\n\t\t\t\t\t\t\t\t\t<p><span style=\"text-decoration: underline;\"><strong>LUETHAN PERUUTUSEHDOT ENNEN AJANVARAUSTA!<\/strong><\/span><\/p><p>Ajan peruutuksen on tapahduttava viimeist\u00e4\u00e4n<strong> 24h ennen varattua aikaa.\u00a0Saman vuorokauden aikana peruutetuista<\/strong> sek\u00e4 <strong>peruuttamattomista<\/strong> ajoista yrityksell\u00e4 on oikeus peri\u00e4 <strong>100% palvelun hinnasta.\u00a0<\/strong>K\u00e4ytt\u00e4m\u00e4tt\u00e4 j\u00e4\u00e4neist\u00e4 tai liian my\u00f6h\u00e4\u00e4n perutuista ajoista l\u00e4hetet\u00e4\u00e4n perint\u00e4kelpoinen lasku + 10\u20ac laskutuslis\u00e4.<\/p>\t\t\t\t\t\t\t\t<\/div>\n\t\t\t\t<\/div>\n\t\t\t\t<\/div>\n\t\t<div class=\"elementor-element elementor-element-0edafec e-con-full e-flex e-con e-parent\" data-id=\"0edafec\" data-element_type=\"container\" data-e-type=\"container\">\n\t\t\t\t<div class=\"elementor-element elementor-element-4349197 elementor-widget elementor-widget-html\" data-id=\"4349197\" data-element_type=\"widget\" data-e-type=\"widget\" data-widget_type=\"html.default\">\n\t\t\t\t<div class=\"elementor-widget-container\">\n\t\t\t\t\t<iframe width=\"100%\" frameborder=\"0\"\r\nsrc=\"https:\/\/varaa.timma.fi\/reservation\/parturikampaamoarella\"\r\nid=\"reservationIframe96180\"><\/iframe>\r\n \r\n<script src=\"https:\/\/cdnjs.cloudflare.com\/ajax\/libs\/iframe-resizer\/2.8.3\/iframeResizer.min.js\"><\/script>\r\n \r\n<script type=\"text\/javascript\">iFrameResize({checkOrigin: false}, '#reservationIframe96180');<\/script>\t\t\t\t<\/div>\n\t\t\t\t<\/div>\n\t\t\t\t<\/div>\n\t\t<div class=\"elementor-element elementor-element-abc9002 e-flex e-con-boxed e-con e-parent\" data-id=\"abc9002\" data-element_type=\"container\" data-e-type=\"container\">\n\t\t\t\t\t<div class=\"e-con-inner\">\n\t\t\t\t<div class=\"elementor-element elementor-element-fc6700d elementor-widget elementor-widget-text-editor\" data-id=\"fc6700d\" data-element_type=\"widget\" data-e-type=\"widget\" data-widget_type=\"text-editor.default\">\n\t\t\t\t<div class=\"elementor-widget-container\">\n\t\t\t\t\t\t\t\t\t<p>Jos ajanvarauksen kanssa on haasteita, soitathan meille Arellaan p. 050-512 5694 tai laita Instagramissa viesti\u00e4 @kampaamoarella!<\/p>\t\t\t\t\t\t\t\t<\/div>\n\t\t\t\t<\/div>\n\t\t\t\t\t<\/div>\n\t\t\t\t<\/div>\n\t\t<div class=\"elementor-element elementor-element-2796e34 e-flex e-con-boxed e-con e-parent\" data-id=\"2796e34\" data-element_type=\"container\" data-e-type=\"container\">\n\t\t\t\t\t<div class=\"e-con-inner\">\n\t\t\t\t\t<\/div>\n\t\t\t\t<\/div>\n\t\t\t\t<\/div>\n\t\t","protected":false},"excerpt":{"rendered":"<p>LUETHAN PERUUTUSEHDOT ENNEN AJANVARAUSTA! Ajan peruutuksen on tapahduttava viimeist\u00e4\u00e4n 24h ennen varattua aikaa.\u00a0Saman vuorokauden aikana peruutetuista sek\u00e4 peruuttamattomista ajoista yrityksell\u00e4 on oikeus peri\u00e4 100% palvelun hinnasta.\u00a0K\u00e4ytt\u00e4m\u00e4tt\u00e4 j\u00e4\u00e4neist\u00e4 tai liian my\u00f6h\u00e4\u00e4n perutuista ajoista l\u00e4hetet\u00e4\u00e4n perint\u00e4kelpoinen lasku + 10\u20ac laskutuslis\u00e4. Jos ajanvarauksen kanssa on haasteita, soitathan meille Arellaan p. 050-512 5694 tai laita Instagramissa viesti\u00e4 @kampaamoarella!<\/p>\n","protected":false},"author":1,"featured_media":0,"parent":0,"menu_order":0,"comment_status":"closed","ping_status":"closed","template":"","meta":{"footnotes":""},"class_list":["post-140","page","type-page","status-publish","hentry","entry"],"_links":{"self":[{"href":"https:\/\/www.parturikampaamoarella.fi\/index.php\/wp-json\/wp\/v2\/pages\/140","targetHints":{"allow":["GET"]}}],"collection":[{"href":"https:\/\/www.parturikampaamoarella.fi\/index.php\/wp-json\/wp\/v2\/pages"}],"about":[{"href":"https:\/\/www.parturikampaamoarella.fi\/index.php\/wp-json\/wp\/v2\/types\/page"}],"author":[{"embeddable":true,"href":"https:\/\/www.parturikampaamoarella.fi\/index.php\/wp-json\/wp\/v2\/users\/1"}],"replies":[{"embeddable":true,"href":"https:\/\/www.parturikampaamoarella.fi\/index.php\/wp-json\/wp\/v2\/comments?post=140"}],"version-history":[{"count":43,"href":"https:\/\/www.parturikampaamoarella.fi\/index.php\/wp-json\/wp\/v2\/pages\/140\/revisions"}],"predecessor-version":[{"id":1170,"href":"https:\/\/www.parturikampaamoarella.fi\/index.php\/wp-json\/wp\/v2\/pages\/140\/revisions\/1170"}],"wp:attachment":[{"href":"https:\/\/www.parturikampaamoarella.fi\/index.php\/wp-json\/wp\/v2\/media?parent=140"}],"curies":[{"name":"wp","href":"https:\/\/api.w.org\/{rel}","templated":true}]}}

<div data-elementor-type="wp-page" data-elementor-id="140" class="elementor elementor-140">
				<div class="elementor-element elementor-element-8e85188 e-con-full e-flex e-con e-parent" data-id="8e85188" data-element_type="container" data-e-type="container">
				<div class="elementor-element elementor-element-317e210 elementor-widget elementor-widget-text-editor" data-id="317e210" data-element_type="widget" data-e-type="widget" data-widget_type="text-editor.default">
				<div class="elementor-widget-container">
									<p><span style="text-decoration: underline;"><strong>LUETHAN PERUUTUSEHDOT ENNEN AJANVARAUSTA!</strong></span></p><p>Ajan peruutuksen on tapahduttava viimeistään<strong> 24h ennen varattua aikaa. Saman vuorokauden aikana peruutetuista</strong> sekä <strong>peruuttamattomista</strong> ajoista yrityksellä on oikeus periä <strong>100% palvelun hinnasta. </strong>Käyttämättä jääneistä tai liian myöhään perutuista ajoista lähetetään perintäkelpoinen lasku + 10€ laskutuslisä.</p>								</div>
				</div>
				</div>
		<div class="elementor-element elementor-element-0edafec e-con-full e-flex e-con e-parent" data-id="0edafec" data-element_type="container" data-e-type="container">
				<div class="elementor-element elementor-element-4349197 elementor-widget elementor-widget-html" data-id="4349197" data-element_type="widget" data-e-type="widget" data-widget_type="html.default">
				<div class="elementor-widget-container">
					<iframe width="100%" frameborder="0"
src="https://varaa.timma.fi/reservation/parturikampaamoarella"
id="reservationIframe96180"></iframe>
 
<script src="https://cdnjs.cloudflare.com/ajax/libs/iframe-resizer/2.8.3/iframeResizer.min.js"></script>
 
<script type="text/javascript">iFrameResize({checkOrigin: false}, '#reservationIframe96180');</script>				</div>
				</div>
				</div>
		<div class="elementor-element elementor-element-abc9002 e-flex e-con-boxed e-con e-parent" data-id="abc9002" data-element_type="container" data-e-type="container">
					<div class="e-con-inner">
				<div class="elementor-element elementor-element-fc6700d elementor-widget elementor-widget-text-editor" data-id="fc6700d" data-element_type="widget" data-e-type="widget" data-widget_type="text-editor.default">
				<div class="elementor-widget-container">
									<p>Jos ajanvarauksen kanssa on haasteita, soitathan meille Arellaan p. 050-512 5694 tai laita Instagramissa viestiä @kampaamoarella!</p>								</div>
				</div>
					</div>
				</div>
		<div class="elementor-element elementor-element-2796e34 e-flex e-con-boxed e-con e-parent" data-id="2796e34" data-element_type="container" data-e-type="container">
					<div class="e-con-inner">
					</div>
				</div>
				</div>

<p>LUETHAN PERUUTUSEHDOT ENNEN AJANVARAUSTA! Ajan peruutuksen on tapahduttava viimeistään 24h ennen varattua aikaa. Saman vuorokauden aikana peruutetuista sekä peruuttamattomista ajoista yrityksellä on oikeus periä 100% palvelun hinnasta. Käyttämättä jääneistä tai liian myöhään perutuista ajoista lähetetään perintäkelpoinen lasku + 10€ laskutuslisä. Jos ajanvarauksen kanssa on haasteita, soitathan meille Arellaan p. 050-512 5694 tai laita Instagramissa viestiä @kampaamoarella!</p>
