{"id":440,"date":"2024-10-02T11:51:02","date_gmt":"2024-10-02T11:51:02","guid":{"rendered":"https:\/\/www.parturikampaamoarella.fi\/?page_id=440"},"modified":"2024-10-02T11:59:42","modified_gmt":"2024-10-02T11:59:42","slug":"lahjakortit","status":"publish","type":"page","link":"https:\/\/www.parturikampaamoarella.fi\/index.php\/lahjakortit\/","title":{"rendered":"Lahjakortit"},"content":{"rendered":"\t\t<div data-elementor-type=\"wp-page\" data-elementor-id=\"440\" class=\"elementor elementor-440\">\n\t\t\t\t<div class=\"elementor-element elementor-element-93bcd77 e-flex e-con-boxed e-con e-parent\" data-id=\"93bcd77\" data-element_type=\"container\" data-e-type=\"container\">\n\t\t\t\t\t<div class=\"e-con-inner\">\n\t\t\t\t<div class=\"elementor-element elementor-element-a8ce2a0 elementor-widget elementor-widget-html\" data-id=\"a8ce2a0\" data-element_type=\"widget\" data-e-type=\"widget\" data-widget_type=\"html.default\">\n\t\t\t\t<div class=\"elementor-widget-container\">\n\t\t\t\t\t<iframe width=\"100%\" frameborder=\"0\" src=\"https:\/\/varaa.timma.fi\/giftcard\/parturikampaamoarella\" id=\"giftCardIframe96541\"><\/iframe>\n                <script src=\"https:\/\/cdnjs.cloudflare.com\/ajax\/libs\/iframe-resizer\/2.8.3\/iframeResizer.min.js\"><\/script>\n                <script type=\"text\/javascript\">iFrameResize({checkOrigin: false}, '#giftCardIframe96541');<\/script>\t\t\t\t<\/div>\n\t\t\t\t<\/div>\n\t\t\t\t\t<\/div>\n\t\t\t\t<\/div>\n\t\t<div class=\"elementor-element elementor-element-7293d69 e-flex e-con-boxed e-con e-parent\" data-id=\"7293d69\" data-element_type=\"container\" data-e-type=\"container\">\n\t\t\t\t\t<div class=\"e-con-inner\">\n\t\t\t\t<div class=\"elementor-element elementor-element-00c14fb elementor-widget elementor-widget-heading\" data-id=\"00c14fb\" data-element_type=\"widget\" data-e-type=\"widget\" data-widget_type=\"heading.default\">\n\t\t\t\t<div class=\"elementor-widget-container\">\n\t\t\t\t\t<h2 class=\"elementor-heading-title elementor-size-default\">Lahjakortin voi ostaa my\u00f6s paikan p\u00e4\u00e4lt\u00e4 Arellasta!<\/h2>\t\t\t\t<\/div>\n\t\t\t\t<\/div>\n\t\t\t\t\t<\/div>\n\t\t\t\t<\/div>\n\t\t<div class=\"elementor-element elementor-element-60fa9f7 e-flex e-con-boxed e-con e-parent\" data-id=\"60fa9f7\" data-element_type=\"container\" data-e-type=\"container\">\n\t\t\t\t\t<div class=\"e-con-inner\">\n\t\t\t\t<div class=\"elementor-element elementor-element-a8d7d66 elementor-widget__width-initial elementor-widget elementor-widget-text-editor\" data-id=\"a8d7d66\" data-element_type=\"widget\" data-e-type=\"widget\" data-widget_type=\"text-editor.default\">\n\t\t\t\t<div class=\"elementor-widget-container\">\n\t\t\t\t\t\t\t\t\t<p>Meilt\u00e4 Arellasta voit ostaa kauniin, kartonkisen, ajattoman lahjakortin, johon saat mukaan kirjekuoren. Tervetuloa lahjakorttiostoksille!:)<\/p>\t\t\t\t\t\t\t\t<\/div>\n\t\t\t\t<\/div>\n\t\t\t\t\t<\/div>\n\t\t\t\t<\/div>\n\t\t\t\t<\/div>\n\t\t","protected":false},"excerpt":{"rendered":"<p>Lahjakortin voi ostaa my\u00f6s paikan p\u00e4\u00e4lt\u00e4 Arellasta! Meilt\u00e4 Arellasta voit ostaa kauniin, kartonkisen, ajattoman lahjakortin, johon saat mukaan kirjekuoren. Tervetuloa lahjakorttiostoksille!:)<\/p>\n","protected":false},"author":1,"featured_media":0,"parent":0,"menu_order":0,"comment_status":"closed","ping_status":"closed","template":"","meta":{"footnotes":""},"class_list":["post-440","page","type-page","status-publish","hentry","entry"],"_links":{"self":[{"href":"https:\/\/www.parturikampaamoarella.fi\/index.php\/wp-json\/wp\/v2\/pages\/440","targetHints":{"allow":["GET"]}}],"collection":[{"href":"https:\/\/www.parturikampaamoarella.fi\/index.php\/wp-json\/wp\/v2\/pages"}],"about":[{"href":"https:\/\/www.parturikampaamoarella.fi\/index.php\/wp-json\/wp\/v2\/types\/page"}],"author":[{"embeddable":true,"href":"https:\/\/www.parturikampaamoarella.fi\/index.php\/wp-json\/wp\/v2\/users\/1"}],"replies":[{"embeddable":true,"href":"https:\/\/www.parturikampaamoarella.fi\/index.php\/wp-json\/wp\/v2\/comments?post=440"}],"version-history":[{"count":7,"href":"https:\/\/www.parturikampaamoarella.fi\/index.php\/wp-json\/wp\/v2\/pages\/440\/revisions"}],"predecessor-version":[{"id":451,"href":"https:\/\/www.parturikampaamoarella.fi\/index.php\/wp-json\/wp\/v2\/pages\/440\/revisions\/451"}],"wp:attachment":[{"href":"https:\/\/www.parturikampaamoarella.fi\/index.php\/wp-json\/wp\/v2\/media?parent=440"}],"curies":[{"name":"wp","href":"https:\/\/api.w.org\/{rel}","templated":true}]}}